q?
8
Let r = -47 + 68. Calculate the remainder when 40 is divided by r.
19
Suppose w + 3*w = x + 24, -2*w - 4*x + 30 = 0. What is the remainder when 27 is divided by w?
6
Suppose 0*g - 170 = -5*g. Let u be (-135)/4 - (-2)/(-8). Let i = -16 - u. Calculate the remainder when g is divided by i.
16
Let c be -21*6/(0 - 3). Suppose -j = 2*j - c. What is the remainder when 55 is divided by j?
13
Let o be (-2)/(-4)*-2*0. Let f(v) = -v**2 - 4*v + 5*v + 21 + 2*v**2. What is the remainder when f(o) is divided by 11?
10
Let l = -50 + 81. What is the remainder when 43 is divided by l/3 - (-4)/6?
10
Let h(c) = -c**3 + 15*c**2 + 2*c - 11. Calculate the remainder when h(14) is divided by 54.
51
Let x = -4 - -7. Let m be x/1 - (-2 + 2). Suppose m*b - 5*b + 40 = 0. What is the remainder when b is divided by 7?
6
Suppose -2*u - 112 = -3*u. Let x be 1/(1 + (-111)/u). Suppose -3*l = l - x. Calculate the remainder when l is divided by 10.
8
Suppose 0 = 4*g - 0*y - 4*y - 168, 0 = 4*g + 3*y - 133. Calculate the remainder when g is divided by 10.
7
Let o(z) = -z + 2. Calculate the remainder when 14 is divided by o(-2).
2
Suppose 4*h - 2*k - 30 = 0, -35 = -2*h + 3*k + 2*k. Calculate the remainder when h is divided by 2.
1
Suppose 0 = l + 4*t - 28, 5*l + 5*t = 78 + 2. What is the remainder when 34 is divided by l?
10
Suppose 3*w + 35 = 2*x + 4*w, 2*x + 5*w = 47. Calculate the remainder when 44 is divided by x.
12
Let l = -9 + 38. What is the remainder when l is divided by 8?
5
Let v(u) = 3*u - 12. What is the remainder when 10 is divided by v(5)?
1
Let q(a) = -a**2 + 6*a + 10. Let f be q(8). Let n(z) = -z**2 - 7*z - 2. What is the remainder when 7 is divided by n(f)?
3
Calculate the remainder when 19 is divided by (-6)/12*(3 - 29).
6
Suppose 8 = h - 16. Suppose 4*a + 36 = 3*d, 2*d = 4*a - 4 + h. Suppose u - 41 = -d. Calculate the remainder when u is divided by 13.
12
Suppose 3*i - 4*i - y + 18 = 0, i = -5*y + 14. Suppose 190 = 5*s - 5*r, -3*s + 155 = s - 5*r. Calculate the remainder when s is divided by i.
16
Let d = -2 - -2. Suppose d*y + 6 = y. Calculate the remainder when -6*2*(-8)/y is divided by 6.
4
Let q = -18 - -9. Let l = q + 12. Calculate the remainder when l is divided by 3.
0
Let k(r) = -r**3 + 8*r**2 + 3*r + 2. Calculate the remainder when k(8) is divided by 15.
11
Let v(c) = -c**3 - 18*c**2 - 4*c - 17. What is the remainder when v(-18) is divided by 14?
13
Let u(g) = -g**2 - 8*g - 1. Let n(i) = -i**2 - 15*i - 2. Let s(q) = 4*n(q) - 7*u(q). What is the remainder when s(-3) is divided by ((-2)/(-4))/(1/26)?
12
Suppose -2*i - r + 13 = 0, 3*i - 14 = 2*i - 2*r. Let h = i + 10. What is the remainder when 41 is divided by h?
13
Suppose 50 = 5*g - 0. Calculate the remainder when g is divided by 4.
2
Suppose 0 = -4*v + 3*a + 6, -2*v - a - 2 = -5*a. What is the remainder when (3/v - 0)*5 is divided by 3?
2
Suppose -o - 4 = -12. Suppose o*v - 150 = 5*v. Calculate the remainder when v is divided by 33/2 - (-1)/2.
16
Let q = -49 - -91. Calculate the remainder when q is divided by 9.
6
Suppose 0 = -5*z + 2*r - 225, z = -2*z + 5*r - 135. Let k = z + 67. What is the remainder when k is divided by 12?
10
Suppose 3*c + 57 = -0*c. Let g = c + 28. Calculate the remainder when 43 is divided by g.
7
Suppose k + 12 = h + 3*k, 4*k + 60 = 4*h. Suppose 2*r - 48 + h = 0. Let p = 2 - -7. Calculate the remainder when r is divided by p.
8
Let t(h) = 9*h**3 - h. Let j(r) = r - 1. Let d be j(5). Calculate the remainder when ((-15)/d)/((-1)/4) is divided by t(1).
7
Suppose 4*f + 0*x - 3*x = 26, -f + 3 = x. Suppose 3 + 12 = f*d. What is the remainder when 4 is divided by d?
1
Suppose 5*q = 1 + 4. What is the remainder when q is divided by 1?
0
Let p(s) = -s**3 + 3*s**2 + 2*s + 3. Calculate the remainder when 60 is divided by p(3).
6
Suppose 0 = -3*f + 12*f - 1233. What is the remainder when f is divided by 6?
5
Suppose -4*m = 17 - 73. Suppose 0*w - 4*w + 12 = 0. Let j(d) = 2*d**2 - 3*d - 1. Calculate the remainder when m is divided by j(w).
6
Suppose -3*o - 4*j = j - 29, 5*o + 3*j = 27. What is the remainder when 7 is divided by o?
1
Let t = -1 + 7. Suppose 4*f = 2*r - f - 31, 24 = 3*r - 3*f. What is the remainder when t is divided by r?
0
Let f = 13 + -9. Let v(g) = 3*g - 4. What is the remainder when 21 is divided by v(f)?
5
Let y(a) = -a**3 + 19*a**2 + 48*a - 35. What is the remainder when y(21) is divided by 23?
22
Suppose -3*f + 2*v = -0*f - 181, -f + 77 = -4*v. What is the remainder when f is divided by 20?
17
Suppose 82 = -c + 3*c. Suppose 0 = -t - c + 10. Calculate the remainder when 21 is divided by t/(-3) + 4/6.
10
Let k(x) = 3*x - 4. Let y be k(4). Suppose 3*f - 41 + y = 0. Calculate the remainder when 41 is divided by f.
8
Let u be 45/(1/1)*-1. Let p = u - -68. Calculate the remainder when p is divided by 12.
11
Suppose 5*f + 27 - 147 = 5*d, 2*f + 2*d - 40 = 0. What is the remainder when (-8)/12 + (-262)/(-6) is divided by f?
21
What is the remainder when 4 is divided by 4/42*-3 + 32/14?
0
Suppose 2*b - 22 - 4 = 0. Let q = 1 - -1. Suppose -q*n + n = -37. What is the remainder when n is divided by b?
11
Suppose 0 = 5*q - h - h - 46, -3*h = -3*q + 33. Calculate the remainder when 94/6 + (-14)/21 is divided by q.
7
Suppose 4*g - 84 = 2*n + 72, -5*g - 4*n + 195 = 0. Calculate the remainder when g is divided by 10.
9
Let s = 7 + -14. Let z = s - -22. Calculate the remainder when 43 is divided by z.
13
Suppose 0 = 3*q - 4*q + 2. What is the remainder when 42 is divided by 4/(-2)*(-11)/q?
9
Suppose -23 = 5*y - 3*x, -2*x - 18 - 18 = 4*y. Let a = 1 - y. Let d(v) = 2*v**2 + 4*v - 2. What is the remainder when d(-4) is divided by a?
6
Let v = -22 - -35. Let k = v - 2. What is the remainder when k is divided by (-4)/(-1) - (-2)/1?
5
Let b(u) = -u + 5*u - 8*u - 3 + 7*u**2. Calculate the remainder when b(-2) is divided by 9.
6
Let r(p) = p**3 + 11. Let k = 2 + -2. What is the remainder when (1 + 9)/((-2)/(-4)) is divided by r(k)?
9
Suppose c + 0 - 6 = 0. Suppose -15 = -2*m - 3*m. Calculate the remainder when c is divided by m.
0
Let p be (-2 - -1)/(2/26). Let s be (24/(-10))/(6/20). Let t = s - p. What is the remainder when 13 is divided by t?
3
Suppose 0 = -2*j + 6*j - 128. Let c = -5 + 7. Calculate the remainder when j/6 + 1/(-3) is divided by c.
1
Suppose -3*n - 7 + 22 = 0. Suppose 3*q + 187 = n*r - 40, 0 = 5*r + 4*q - 199. Suppose -2*u - u = -45. Calculate the remainder when r is divided by u.
13
Let v(o) = -o. Suppose 2*b + 2*b + 3*w = 22, 0 = 5*b - 2*w - 16. Let g be ((-3)/(-4))/((-1)/b). Calculate the remainder when 5 is divided by v(g).
2
Let h(q) = -3*q**3 + 5*q**2 + 2*q + 10. Let z(l) = 2*l**3 - 6*l**2 - 2*l - 9. Let w(t) = 3*h(t) + 4*z(t). Calculate the remainder when 23 is divided by w(-9).
11
Let p be 15/(-25) + (-3)/(-5). Suppose -3*o + 4 - 22 = p. Let z(l) = -4*l - 2. What is the remainder when z(o) is divided by 8?
6
Let z(l) = 12*l + 13. What is the remainder when z(6) is divided by 29?
27
Suppose 4*o = -8, -o + 75 = -3*l - 52. Let m = l - -66. What is the remainder when 68 is divided by m?
22
Suppose o - 1 = -r, -4 + 0 = 2*o. What is the remainder when r is divided by 2?
1
Suppose 18 = s - 0*s - 5*b, 2*s - 10 = -3*b. What is the remainder when s is divided by 2?
0
Suppose -5*o = -573 - 167. Calculate the remainder when o is divided by 30.
28
Suppose 0 = 3*a + 5 - 20. Let f = -3 + a. Suppose 4*s - f*u - 50 = 0, -3*s + 5*s - 4*u = 22. Calculate the remainder when s is divided by 7.
6
Suppose -3*s + 2*t - 3*t + 331 = 0, -2*t = 5*s - 553. Suppose -2*r = -s + 3. What is the remainder when r is divided by 28?
25
Suppose -4*q - 60 = -6*q. Calculate the remainder when 87 is divided by q.
27
Suppose 0 = 3*h + 25*h - 168. Calculate the remainder when h is divided by 2.
0
Let j = 210 - 194. Suppose -5*k = 2*h - 158, h - 5*h - 100 = -3*k. Suppose -z + o + 26 = 0, z - 2*z = o - k. What is the remainder when z is divided by j?
13
Let r(w) = 18*w + 2. What is the remainder when r(4) is divided by 25?
24
Let v(l) = 16*l - 6. What is the remainder when 82 is divided by v(3)?
40
Suppose -5*x + 9*x - 375 = 5*h, -93 = -x + h. What is the remainder when x is divided by 23?
21
Suppose -6*t - 24 = -5*u - 3*t, -3*t = 9. Suppose -2*y - 2*y + 26 = -2*d, -5*y + 32 = -3*d. Calculate the remainder